t are the prime factors of 12740?
2, 5, 7, 13
What are the prime factors of 1294?
2, 647
List the prime factors of 1214.
2, 607
What are the prime factors of 586?
2, 293
What are the prime factors of 4788?
2, 3, 7, 19
What are the prime factors of 10191?
3, 43, 79
What are the prime factors of 1771?
7, 11, 23
What are the prime factors of 13937?
7, 11, 181
List the prime factors of 39466.
2, 7, 2819
What are the prime factors of 4997?
19, 263
What are the prime factors of 24423?
3, 7, 1163
What are the prime factors of 1946?
2, 7, 139
What are the prime factors of 564?
2, 3, 47
List the prime factors of 1090.
2, 5, 109
What are the prime factors of 5812?
2, 1453
List the prime factors of 1947.
3, 11, 59
What are the prime factors of 5591?
5591
What are the prime factors of 3152?
2, 197
What are the prime factors of 152093?
152093
What are the prime factors of 32593?
11, 2963
What are the prime factors of 70264?
2, 8783
List the prime factors of 244.
2, 61
List the prime factors of 316.
2, 79
What are the prime factors of 754?
2, 13, 29
What are the prime factors of 47?
47
What are the prime factors of 1658?
2, 829
List the prime factors of 11550.
2, 3, 5, 7, 11
What are the prime factors of 89981?
17, 67, 79
List the prime factors of 3122.
2, 7, 223
List the prime factors of 1290.
2, 3, 5, 43
What are the prime factors of 3675?
3, 5, 7
List the prime factors of 2153.
2153
What are the prime factors of 3040?
2, 5, 19
List the prime factors of 1576.
2, 197
List the prime factors of 2529.
3, 281
List the prime factors of 2552.
2, 11, 29
What are the prime factors of 7395?
3, 5, 17, 29
List the prime factors of 1269.
3, 47
What are the prime factors of 7566?
2, 3, 13, 97
List the prime factors of 469.
7, 67
List the prime factors of 22523.
101, 223
What are the prime factors of 76069?
7, 10867
List the prime factors of 20059.
13, 1543
What are the prime factors of 899?
29, 31
List the prime factors of 7981.
23, 347
What are the prime factors of 1674?
2, 3, 31
List the prime factors of 38603.
38603
What are the prime factors of 841?
29
What are the prime factors of 18567?
3, 2063
What are the prime factors of 78516?
2, 3, 727
List the prime factors of 94941.
3, 7, 11, 137
List the prime factors of 25735.
5, 5147
What are the prime factors of 2132?
2, 13, 41
List the prime factors of 47814.
2, 3, 13, 613
List the prime factors of 11748.
2, 3, 11, 89
List the prime factors of 11181.
3, 3727
List the prime factors of 108115.
5, 7, 3089
List the prime factors of 5425.
5, 7, 31
What are the prime factors of 2566?
2, 1283
List the prime factors of 27856.
2, 1741
What are the prime factors of 112690?
2, 5, 59, 191
List the prime factors of 6270.
2, 3, 5, 11, 19
List the prime factors of 25150.
2, 5, 503
List the prime factors of 12830.
2, 5, 1283
List the prime factors of 342.
2, 3, 19
What are the prime factors of 44840?
2, 5, 19, 59
List the prime factors of 2195.
5, 439
What are the prime factors of 10625?
5, 17
List the prime factors of 541.
541
What are the prime factors of 4656?
2, 3, 97
List the prime factors of 54961.
17, 53, 61
List the prime factors of 544.
2, 17
What are the prime factors of 3817?
11, 347
What are the prime factors of 12108?
2, 3, 1009
What are the prime factors of 545?
5, 109
List the prime factors of 2763.
3, 307
List the prime factors of 134167.
11, 12197
What are the prime factors of 814?
2, 11, 37
What are the prime factors of 35274?
2, 3, 5879
List the prime factors of 4607.
17, 271
List the prime factors of 8266.
2, 4133
List the prime factors of 69331.
19, 41, 89
What are the prime factors of 63752?
2, 13, 613
What are the prime factors of 6849?
3, 761
List the prime factors of 30.
2, 3, 5
List the prime factors of 2691.
3, 13, 23
What are the prime factors of 32462?
2, 16231
What are the prime factors of 294?
2, 3, 7
List the prime factors of 152.
2, 19
What are the prime factors of 49103?
49103
What are the prime factors of 593?
593
What are the prime factors of 1779?
3, 593
What are the prime factors of 9000?
2, 3, 5
What are the prime factors of 1433?
1433
What are the prime factors of 41973?
3, 17, 823
List the prime factors of 82841.
11, 17, 443
List the prime factors of 1386.
2, 3, 7, 11
What are the prime factors of 4073?
4073
What are the prime factors of 1026?
2, 3, 19
What are the prime factors of 402?
2, 3, 67
List the prime factors of 140159.
140159
What are the prime factors of 19995?
3, 5, 31, 43
What are the prime factors of 37804?
2, 13, 727
What are the prime factors of 44366?
2, 7, 3169
What are the prime factors of 73303?
73303
What are the prime factors of 839?
839
What are the prime factors of 1863?
3, 23
What are the prime factors of 17501?
11, 37, 43
List the prime factors of 1372.
2, 7
What are the prime factors of 3901?
47, 83
List the prime factors of 1177.
11, 107
List the prime factors of 31368.
2, 3, 1307
What are the prime factors of 2049?
3, 683
List the prime factors of 656.
2, 41
List the prime factors of 11093.
11093
List the prime factors of 7614.
2, 3, 47
List the prime factors of 21312.
2, 3, 37
List the prime factors of 1606.
2, 11, 73
List the prime factors of 8560.
2, 5, 107
List the prime factors of 19721.
13, 37, 41
What are the prime factors of 5480?
2, 5, 137
List the prime factors of 212.
2, 53
What are the prime factors of 5180?
2, 5, 7, 37
What are the prime factors of 23379?
3, 7793
List the prime factors of 43510.
2, 5, 19, 229
List the prime factors of 3224.
2, 13, 31
What are the prime factors of 824?
2, 103
What are the prime factors of 1607?
1607
What are the prime factors of 17105?
5, 11, 311
List the prime factors of 13545.
3, 5, 7, 43
What are the prime factors of 5017?
29, 173
List the prime factors of 3190.
2, 5, 11, 29
What are the prime factors of 1676?
2, 419
What are the prime factors of 43330?
2, 5, 7, 619
List the prime factors of 1652.
2, 7, 59
What are the prime factors of 628?
2, 157
List the prime factors of 1511.
1511
What are the prime factors of 15571?
23, 677
List the prime factors of 8556.
2, 3, 23, 31
List the prime factors of 434.
2, 7, 31
List the prime factors of 7574.
2, 7, 541
What are the prime factors of 21362?
2, 11, 971
List the prime factors of 5824.
2, 7, 13
List the prime factors of 264.
2, 3, 11
List the prime factors of 3769.
3769
List the prime factors of 30860.
2, 5, 1543
What are the prime factors of 28814?
2, 14407
List the prime factors of 74224.
2, 4639
What are the prime factors of 545?
5, 109
List the prime factors of 20155.
5, 29, 139
What are the prime factors of 11890?
2, 5, 29, 41
List the prime factors of 178450.
2, 5, 43, 83
What are the prime factors of 4030?
2, 5, 13, 31
What are the prime factors of 9183?
3, 3061
What are the prime factors of 929?
929
What are the prime factors of 33024?
2, 3, 43
What are the prime factors of 15013?
15013
List the prime factors of 24757.
19, 1303
List the prime factors of 32692.
2, 11, 743
What are the prime factors of 72343?
73, 991
What are the prime factors of 2192?
2, 137
List the prime factors of 33749.
33749
What are the prime factors of 8221?
8221
What are the prime factors of 9264?
2, 3, 193
List the prime factors of 58276.
2, 17, 857
List the prime factors of 9124.
2, 2281
List the prime factors of 1794.
2, 3, 13, 23
What are the prime factors of 1859?
11, 13
List the prime factors of 1632.
2, 3, 17
What are the prime factors of 8002?
2, 4001
What are the prime factors of 1157?
13, 89
List the prime factors of 1879.
1879
List the prime factors of 597.
3, 199
List the prime factors of 3494.
2, 1747
What are the prime factors of 2226?
2, 3, 7, 53
List the prime factors of 2027.
2027
List the prime factors of 50801.
37, 1373
What are the prime factors of 1897?
7, 271
List the prime factors of 446.
2, 223
List the prime factors of 1885.
5, 13, 29
List the prime factors of 10556.
2, 7, 13, 29
List the prime factors of 8396.
2, 2099
List the prime factors of 1397.
11, 127
List the prime factors of 85800.
2, 3, 5, 11, 13
List the prime factors of 15438.
2, 3, 31, 83
List the prime factors of 791.
7, 113
What are the prime factors of 5258?
2, 11, 239
List the prime factors of 1509.
3, 503
List the prime factors of 1184.
2, 37
What are the prime factors of 50596?
2, 7, 13, 139
